et o = 2138 + -2132. Determine p(o).
-32
Let y(o) = -4*o**2 - 8*o + 17. Let i(u) = u + 9. Let x be i(-4). Let t(g) = 5*g**2 + 8*g - 19. Let n(r) = x*t(r) + 6*y(r). What is n(7)?
0
Let b(o) be the second derivative of -11*o**3/6 + 203*o**2/2 - 1133*o + 6. What is b(18)?
5
Let l(f) = 153 - 20*f - 2*f**2 + 72 + f - 243. Give l(-12).
-78
Let d be (-1 - 7/3)*(-84)/(-10). Let l = d + 30. Let m(i) = 3 - 4*i + 3*i**2 - 3*i - 7*i**l + 3*i**2. Give m(-6).
9
Let w(z) = 3*z**3 + 2*z**2 + z. Let i(p) = -p**2 + p - 1. Let y(v) = 4*v**3 + 4*v**2 + 2. Let s(j) = -2*i(j) - y(j). Let f(l) = -2*s(l) - 3*w(l). Give f(-3).
6
Let g(s) = 32*s**3 + s**2. Let h = -901 - -515. Let c = h + 385. Calculate g(c).
-31
Let u(n) be the first derivative of 10*n**3/3 - n**2 + n - 1. Suppose 212*f = 214*f - q, -5*q + 6 = -4*f. What is u(f)?
9
Let b(o) be the third derivative of -o**5/60 - 3*o**4/8 - 40*o**3/3 - 92*o**2. Let p(k) be the first derivative of b(k). What is p(-7)?
5
Suppose -3*j + 6 + 6 = 0. Suppose -j*m = -7 - 5. Let b(t) = -6*t**3 + t**2 + 11*t**m - t**3. Determine b(1).
5
Let h(l) = l - 2*l**2 + 9 + 3*l + 3*l. Suppose -83*s = -36275 + 35694. What is h(s)?
-40
Let q(y) = -y**3 - 6*y**2 - 7*y - 8. Suppose -9*d - 6*u + 16 = -10*d, 2*d - 4*u + 16 = 0. Determine q(d).
-12
Let b(q) = 3*q**2 - 15*q + 24. Let l(i) = -116*i - 1853. Let s be l(-16). Give b(s).
6
Suppose -299*n + 300*n + 78 = 0. Let y be (-195)/n - (-1)/2. Let p(l) = 4*l**2 + 2*l - 2. Determine p(y).
40
Let g(z) = -z**2 - 5*z + 7. Let t be g(-7). Let q(m) = 0*m + 1790 + m - 1786. What is q(t)?
-3
Let k(x) = -1630*x - 24 - 42 + 1638*x. Calculate k(9).
6
Let f(s) be the first derivative of s**3/3 - s**2 - 32*s + 11146. What is f(5)?
-17
Let q(s) = -s. Suppose -u = -5*u - 5*j + 182, 39 = u - 2*j. Suppose 4*y = 43 - u. What is q(y)?
0
Let k be (-3 + 1 - 3 - -2)/1. Let d(p) = 25*p + 60. Determine d(k).
-15
Suppose 0 = 4*t + 2*t - 582. Let o = t + -86. Suppose 5*j = o*j - 42. Let u(f) = -f**3 + 6*f**2 + 5*f + 8. Calculate u(j).
-6
Let j(v) = 18*v**3 + 42*v**2 - 12*v - 31. Let n(i) = 22*i**3 + 41*i**2 - 10*i - 32. Let z(t) = 6*j(t) - 5*n(t). Give z(23).
-3
Let l be 28/(-6)*(15 - ((-12285)/(-30))/21). Let v(o) = o**3 - 21*o**2 - 4*o + 7. Give v(l).
-77
Let f(m) be the second derivative of -m**3/6 - 8*m. Let o(q) = -3*q**2 + 9*q + 3. Let b be o(3). Let u be f(b). Let v(x) = x - 3. Give v(u).
-6
Let w(h) = -h - 3*h**2 + 4*h - 5*h - 2. Suppose -184*d = -152*d + 64. Calculate w(d).
-10
Let h(f) = 4 + f**2 + 5*f + 3 - 8 + 0. Suppose -5*i - u = 16 + 17, -33 = 4*i + 3*u. Calculate h(i).
5
Let z(l) = 3*l - 8. Let t(v) = -2*v + 7. Let w(h) = -6*t(h) - 5*z(h). Let u be -4*(-4)/96 + (-1449)/(-378). Calculate w(u).
-14
Let u(s) = 3*s - 15. Let p(l) = -10*l + 46. Let i(h) = 2*p(h) + 7*u(h). Let f(k) = -31*k**2 - 1362*k + 99. Let b be f(-44). What is i(b)?
-2
Let z(j) = 11*j - 185. Let t(m) = 10*m - 140. Let i(g) = -4*t(g) + 3*z(g). Determine i(14).
-93
Let g(h) = h**2 + 3*h - 5. Let u be 5 + 18/(-3) + -4. Let n be g(u). Let z(l) = -l**3 + 5*l**2 - 2*l + 7. Give z(n).
-3
Let o(h) be the first derivative of h**4/4 - 4*h**3 - 29*h**2/2 + 4*h - 1956. What is o(14)?
-10
Let h(b) = 2*b**2 + 11*b - 17. Let f be h(-7). Let r(n) = 3*n + n**2 + 2*n**2 + n - 3*n + f*n**3 - 2*n**3. Suppose 2*l = -3*l - 10. Determine r(l).
-6
Suppose -4*h + 12 = -5*t - 4, -6 = -2*h + 3*t. Let j(a) = 38 - 13 - 4 - 11*a**2 - 3*a. Let v(u) = 5*u**2 + 2*u - 10. Let s(w) = h*v(w) + 4*j(w). Give s(-5).
-11
Let p(m) = m**2 + 30*m + 83. Let z be p(-27). Suppose z*f - 4*u - 12 = 0, -15 + 3 = 5*f + 4*u. Let t(j) = j**3 - j**2 - j - 9. Calculate t(f).
-9
Let o(z) be the second derivative of z**6/120 - z**5/30 - z**4/6 - z**3/6 - 37*z**2/2 + 11*z - 2. Let r(x) be the first derivative of o(x). Give r(3).
-4
Let f(r) = -r**2 + 4*r + 119. Let h be f(-9). Let s(x) = -3 - x**2 + 2*x**h + 24 - 11*x - 2 - 10. Determine s(8).
-15
Let p(b) = -11*b + 1 + 8*b - 2*b**2 + 4*b. Let k(i) = i**3 + 38*i**2 + 34*i - 115. Let m be k(-37). What is p(m)?
-35
Suppose 3*t - 5 - 13 = 0. Suppose -q + 4 = t. Let c(g) = -2*g. Let r(z) = -7*z - 1. Let l(n) = q*r(n) + 9*c(n). Determine l(-4).
18
Let z(j) be the first derivative of -3*j**2/2 - 15*j - 8765. Give z(-4).
-3
Let a = -27 - -44. Let w = a + -15. Let v(n) = 43*n - 1 + 1 - 44*n - w. Give v(-7).
5
Let z(r) = -1. Let f(d) = -12*d + 3. Let y(g) = 2*f(g) + 6*z(g). Let i(u) = u**2 + 944*u - 64513. Let v be i(64). Determine y(v).
24
Suppose -v - 24 = -4*u, 0 = -3*u - 4*v + 2 + 16. Suppose -3*m - 2*m = q - 10, 5*m = 5*q - 20. Let w(k) = -2 + m + 5*k - 4*k. Calculate w(u).
5
Let n be 141 + (-20)/14*14/(-4). Let i = n - 140. Let d(f) = f**3 - 7*f**2 + f + 8. Determine d(i).
-22
Let x(t) = 12*t + 8. Let q(v) = v**3 - 46*v**2 + 430*v - 5. Let b be q(13). Determine x(b).
104
Suppose -30*w - 85 = -13*w. Let m(n) = -123*n - 620. Give m(w).
-5
Let n(q) be the first derivative of -2*q**2 - 3*q + 614. Let k(m) = -m - 6. Let y be k(-9). Suppose -2 = -y*p + 13. Determine n(p).
-23
Let d(u) be the third derivative of -u**6/120 - u**5/10 + 23*u**3/6 - 9*u**2 + 26*u. Give d(-5).
-2
Let q(n) = 9*n**3 - 5*n**2 - 26*n + 31. Let j be q(1). Let m(t) = -2*t**3 + 17*t**2 + 8*t + 16. What is m(j)?
7
Suppose -10 - 5 = -5*i, 5*i + 147 = 3*v. Suppose -v = -c - 47. Let q(x) = -17 + c + 2 + 8*x + 10. What is q(-2)?
-14
Let m(d) = -d**2 - 5 + 1 + 2*d**2. Let o = -112035 + 112035. Calculate m(o).
-4
Suppose 72 + 108 = 30*c. Let x(s) be the third derivative of s**5/60 - 7*s**4/24 + 11*s**3/6 + 2*s**2 + 9. Calculate x(c).
5
Let f(o) = o**3 - 6*o**2 - 7*o - 2. Let y(m) = m**2 - m + 7. Suppose -2*i - 17 - 57 = 0. Let p = i - -37. Let w be y(p). Give f(w).
-2
Let f(j) = 18*j**2 - j + 1. Suppose 0 = 4*h + 3220 + 2636. Let c be h/(-66) + (-2)/11. Let l(x) = -x**2 + 22*x + 1. Let z be l(c). What is f(z)?
18
Let k be ((-40)/(-20))/(4/(-10)). Let v(i) = -i**2 + i + 4. Give v(k).
-26
Let y(s) = -s**3 - 39*s**2 - 4*s - 152. Suppose t + 15 = 16*u - 12*u, 2*u + 168 = -4*t. What is y(t)?
4
Let x(f) = -3*f**3 + 7*f. Let o(j) = -j**3 + j - 1. Let d(s) = -2*o(s) + x(s). Let c(w) = 4*w**3 + 55*w**2 + 39*w - 2. Let r be c(-13). Give d(r).
0
Let y(l) = -l**2 + 4*l + 2*l + 0*l + 4 - 4*l. Let z be (70/(-77))/(-5) - (-97)/11. Suppose x + 2 - 5 = 3*w, -3*x + 3*w = -z. Calculate y(x).
1
Let t be (112/20 - 4)/(4/10). Let q(i) = -i + 3 - 9 + 6 + 2*i**2 - t. Give q(2).
2
Suppose 62 = 2*f - 4*b, -153*b - 68 = -149*b - 8. Let d(i) be the first derivative of -11*i**2 + i + 2. Give d(f).
-21
Let l be -1*7*1*(-2)/(0 + 2). Let j(u) = 2*u**3 - 17*u**2 + 22*u + 2. Calculate j(l).
9
Suppose 9*c - 4*c + 70 = 0. Let r be 4/20 - (-16)/60*3. Let o be ((-4)/(-8))/(r/c). Let s(p) = -p - 5. What is s(o)?
2
Let i(s) = s**3 - 4*s**2 + 2. Suppose -3*o + 5 = -307. Let l = -100 + o. Suppose -9*p = 4*g - l*p - 16, 0 = 2*g - 5*p - 8. Determine i(g).
2
Let v = 2885 - 2889. Let f(s) = 5 + 4*s + s**2 - 9 + 0. What is f(v)?
-4
Let h(v) = 13*v**3 + 6*v**2 - 220*v - 21. Let r(o) = 9*o**3 + 4*o**2 - 158*o - 14. Let z(t) = -5*h(t) + 7*r(t). Calculate z(1).
-3
Suppose -s + 10 = -4*i + 3*i, 2*s = 5*i + 44. Let h = 5 + i. Let c(y) be the first derivative of y**3/3 + 2*y**2 - 336. Calculate c(h).
-3
Let x be 2/(-1) - (-3 + 12/(-6)). Let n(z) = -3 - 3*z**3 + 2*z**3 + 2*z + 2*z**3 + x*z - 7*z**2. What is n(6)?
-9
Let d(m) be the first derivative of m**3/3 - m**2/2 + 118. Let f(r) = -3*r**2 - 2*r + 1. Let p(y) = -4*d(y) - f(y). Determine p(6).
-1
Let q(s) = 2 - 4 + 3*s - s + 0*s. Let h be (18/(-6))/((-15)/10). Suppose 0 = -8*w + 5*w - 4*a + h, w - 4*a - 22 = 0. What is q(w)?
10
Suppose 0 = 103*b - 114*b - 242. Let j(n) = -n**3 - 20*n**2 + 39*n - 108. Give j(b).
2
Suppose -16*v = -11*v + 5*r - 5, -2*v + 4*r + 14 = 0. Let q(g) = g**3 - 4*g**2 + 3*g - 6. Determine q(v).
-6
Let u(f) = f**2 + f - 1. Let n(r) = 5*r - 3. Let j(w) = n(w) - 4*u(w). Suppose 44*t - 29*t + 15 = 0. Determine j(t).
-4
Let p(s) = 5*s - 228. Suppose 0 = -81*y + 562 + 2809 + 112. Determine p(y).
-13
Let h(c) = 2*c**3 + 7*c**2 + 9*c + 12. Let i(k) = 2*k**3 + 5*k**2 + 7*k + 10. Let x(j) = 4*h(j) - 5*i(j). Let l be (-5)/((-15)/6) - 0. Give x(l).
-4
Let y(q) = -q**2 + 26*q + 9. Let g(v) = -2*v**2 + 56*v + 21. Let m(c) = -3*g(c) + 7*y(c). Give m(15).
-15
Let a = -158 - -163. 